 13
Let n = 20 + -19. Let j(c) = -c + 1. Let d be j(n). Suppose d = 2*z - 51 - 21. List the prime factors of z.
2, 3
Let y(s) = 59*s - 338. Let k be y(5). Suppose -2*r + j = 2*j + 57, 2*r + 42 = 2*j. Let a = r - k. What are the prime factors of a?
17
Let u(s) = -2*s**3 + 37*s**2 + 14*s + 60. What are the prime factors of u(16)?
2, 17, 23
Let d(z) = 2*z. Let c be d(-12). What are the prime factors of c/132 + ((-453)/(-11) - -1)?
2, 3, 7
Let d be 16/3 - 16/(-24). Suppose 0 = d*t - 402 + 90. List the prime factors of t.
2, 13
Let v(f) = -126*f - 1. Let s be v(-1). Suppose -s = -5*q - 30. Let x = -17 + q. List the prime factors of x.
2
Suppose -5*c - 2*z + 8 = 0, z - 4 = -4*c - 3*z. Suppose 798 = c*g + 4*g. What are the prime factors of g?
7, 19
Let p be (0 - -12)*(-2 + 0). Suppose -4*f - n = 2*n - 39, -3*f = 2*n - 28. What are the prime factors of f/8 - 582/p?
5
Suppose 2*v + 115 = d, -611 = -5*d - 3*v + v. List the prime factors of (-4 - -8)*1*d/4.
11
Let c = 31 + -29. Suppose 2 = 5*n - 3, -c*y + 5*n = -109. What are the prime factors of y?
3, 19
Suppose -d = -2*n + 3*n, 5 = n - 4*d. Suppose l = -3*g + 28, 0 = g - 1 - n. Let z = 46 - l. List the prime factors of z.
2, 3
Let j be 1/(-1 + (-30)/(-25)). Let t = 5 - 2. Suppose t*z - 61 - j = 0. List the prime factors of z.
2, 11
Let u(y) = 305*y - 1. Let b be u(1). Suppose 9*l - b = 5*l. Suppose -11*i + l = -9*i. List the prime factors of i.
2, 19
Let q = -1311 - -2158. What are the prime factors of q?
7, 11
List the prime factors of 44/55 - (-1141)/5.
229
Suppose 459*k - 3680 = 451*k. What are the prime factors of k?
2, 5, 23
Suppose -q = 2 + 3. Let r be ((-4)/q)/(2/80). Suppose -5*i + 3*b + 44 = 4*b, -4*b + r = 2*i. List the prime factors of i.
2
Let x be -11 + 7 + (-2 - -6). Let s = -11 + x. Let o = s + 17. What are the prime factors of o?
2, 3
Let f be 1714/4 + (-25)/50. Suppose -14*j + f = -10*j. What are the prime factors of j?
107
Let n(m) = 123*m**2 - m + 1. Let t be n(1). Suppose -x = -2*r - t, 14 = -5*r - 11. List the prime factors of x.
113
List the prime factors of ((-224)/(-77))/(-16) - (-7570)/11.
2, 43
Let m(j) = 3*j - 20. Let y(n) = n**3 + 2*n**2 - 4*n. Let v be y(2). Let u be m(v). Suppose b - u*b = -147. List the prime factors of b.
7
Let t(p) = 31*p**2 - 2*p - 3. Let v(b) = 15*b**2 - b - 2. Let j(k) = 3*t(k) - 5*v(k). Suppose 4*n = a - 1, 4*a - 3 = a - 3*n. List the prime factors of j(a).
2, 3
Suppose -4*x = 3*q - 334, q - 2*x = 3*x + 86. Suppose -267 + q = -w. What are the prime factors of w?
7, 23
Let m be ((-50)/(-35))/((-2)/(-14)). Let v be 2/12 - 1/6*-23. Suppose 4*d - m = 10, 5*n - v*d = 225. List the prime factors of n.
7
Let o = 148 - 108. List the prime factors of o.
2, 5
Let m(u) = -401*u. List the prime factors of m(-7).
7, 401
Let j be 141/(-18) - (-2 - (-13)/6). Suppose 3*n = -0*n - 5*s + 50, 34 = 5*n - 4*s. Let t = j + n. List the prime factors of t.
2
Suppose 6*a + 2409 = r + 10*a, -2*r - 5*a = -4812. What are the prime factors of r?
7
Suppose 0 = -3*q + 1 - 16. Let k(u) = u**3 + 3*u**2 - 6*u - 2. Let v be k(-3). Let p = v + q. List the prime factors of p.
11
Suppose 3*t + 4*k - 1145 = 0, 45 = -2*t - k + 815. List the prime factors of t.
3, 43
Suppose -4*q = 25*q - 65482. List the prime factors of q.
2, 1129
Let l be -3*2/(-15)*-10. Suppose 0 = -2*x + 2 + 12. What are the prime factors of x + 2*(-2)/l?
2
Suppose 53 - 17 = 9*v. Suppose 4*z = v*i + z - 578, 564 = 4*i + 4*z. What are the prime factors of i?
11, 13
Let r(j) = -j**3 - 8*j**2 - 3*j. Let i be r(-7). What are the prime factors of (-117)/2*i/21?
2, 3, 13
Let m(n) = 2*n**2 - 31*n - 174. List the prime factors of m(34).
2, 271
Suppose 2*l = -3*l. Suppose -4*c = -4*u, 4*u + l + 3 = 5*c. Suppose -115 = -4*h - 5*y, -c*h + 62 = -h - 2*y. List the prime factors of h.
2, 3, 5
Suppose -3*u + 840 = -1392. List the prime factors of u.
2, 3, 31
Let h(z) = -8*z - 3. Suppose 0 = -3*o - 9, 3*b - 5*o = -2*b - 35. List the prime factors of h(b).
7, 11
Suppose 5*y - 5*l - 980 = 0, -2*l + 1 = -9. What are the prime factors of y?
3, 67
Let j = -1657 - -2861. List the prime factors of j.
2, 7, 43
What are the prime factors of 8/40 + 12044/5?
3, 11, 73
Suppose -5*j - 1873 + 6731 = -2*i, -2*i = -2*j + 1948. Suppose 9*b = 4*b + j. List the prime factors of b.
2, 97
Let s = -7 + 28. Suppose s = 3*v - 4*r, -3*v + 53 = v + 3*r. What are the prime factors of v?
11
Let x be ((-210)/(-40) - 6/(-8)) + 0. Let w(o) = o**3 + 2*o**2 - 8*o - 13. List the prime factors of w(x).
227
Let h(f) = -f**2 - 17*f + 12. Let j(g) = 13*g. Let c be j(-1). What are the prime factors of h(c)?
2
Suppose 5*o + 3*q = -415, -5*q + 166 = -5*o + 3*o. What are the prime factors of (4 + -5)*(o - 2)?
5, 17
Let i = 2623 + -1670. List the prime factors of i.
953
Let y be (0/4)/(2/(-1)). Suppose y*w - w = 0. Suppose -z = k - 0*k - 24, -2*z - k + 47 = w. What are the prime factors of z?
23
Let y = -143 + 2. What are the prime factors of (y/(-12))/(((-10)/8)/(-5))?
47
Suppose -l + 3*a = l - 892, 0 = -2*l - a + 900. List the prime factors of l.
449
Suppose 3*u + m + m - 1316 = 0, -2*m = 2*u - 876. What are the prime factors of u?
2, 5, 11
Let x(i) = 13*i**3 + 4*i**2 - 7*i + 64. What are the prime factors of x(6)?
2, 1487
Let r(d) = 6*d - 3. Let w = -9 + 17. Let i be r(w). Suppose 108 = 4*u + 5*z - z, 2*u = -5*z + i. List the prime factors of u.
2, 3, 5
Let j(i) = i**2 - 15*i - 21. Let a be j(9). Let c = a - -160. What are the prime factors of c?
5, 17
Suppose 0 = -18*w + 5388 + 678. List the prime factors of w.
337
Suppose 4*r = 2*r + 12. Let f be 36/27 - (-4)/r. List the prime factors of (49 + f)/((-6)/(-4)).
2, 17
Suppose -5*q + t = -65, 6*q = 2*q - 3*t + 52. Let o = q + 81. List the prime factors of o.
2, 47
Let t(p) = p**3 + 16*p**2 + 14*p - 14. Let g be t(-15). Suppose -12 = -2*b - 0*b. Let d = g + b. List the prime factors of d.
7
Let k = 9 + -9. Suppose 5*n = -4*z, 4*n + 5*z = -k*z. Suppose n = 2*d - 0*d - 36. List the prime factors of d.
2, 3
Let y(w) = 4 + 6*w + 5*w + 2*w**2 + 8*w + 14*w - 32*w. Let b(t) = t**2 - 2*t + 3. Let u be b(2). What are the prime factors of y(u)?
5
Let r be 668/20 + 2/(-5). Suppose 3*a - 206 = -2*p, 2*a - 159 = 6*p - 3*p. Let b = a - r. What are the prime factors of b?
3, 13
Let d(w) be the second derivative of w**3/2 + 11*w**2 - 8*w. Let x be d(0). Suppose 2*p + b - 31 = 0, 5*p - 5*b - 33 = x. List the prime factors of p.
2, 7
Let g(x) = 5*x**3 + x**2 - 17*x + 116. List the prime factors of g(6).
2, 5, 113
Let p be (-6)/9*90/(-12). Suppose -t = -5*z - 56, -8 = -3*z + p*z. What are the prime factors of t?
2, 3
Let c(n) = -31*n + 9. Suppose -2*w = -2*l + 2, 0*l = 2*l + 4. What are the prime factors of c(w)?
2, 3, 17
Suppose -4*g - f + 23 = 0, -2*g = -0*g + 3*f - 9. List the prime factors of (-8)/g*(-15 + -3).
2, 3
Suppose -79*q = -77*q + 5*a - 4772, -2*q = -4*a - 4808. What are the prime factors of q?
2, 599
Let z = -19 - -12. Let h be z/(-14) - (-111)/(-2). Let o = 100 + h. What are the prime factors of o?
3, 5
List the prime factors of (1905/(-10))/((-3)/10).
5, 127
What are the prime factors of (-4)/14 + (-198954)/(-49) + -17?
13, 311
Let u = -540 + 624. What are the prime factors of u?
2, 3, 7
Let v = -68 - -115. Suppose w - v = 76. What are the prime factors of w?
3, 41
Let q = 14 + -10. Suppose 100 + 44 = q*f. Suppose -3*o - f = -5*o. List the prime factors of o.
2, 3
Let t(w) = 3*w + 4*w**2 + 5 - 11*w**2 - 1. Let d(y) = -6*y**2 + 3*y + 4. Let c(f) = -6*d(f) + 5*t(f). List the prime factors of c(7).
2, 3
Let t(b) = b**2 - 7*b - 8. Let l be t(8). Suppose 3*u - 2 - 4 = l. Suppose 0 = 5*r - u*r - 132. List the prime factors of r.
2, 11
Let j(g) = 6*g - 19. Suppose -7 = -3*s + 3*y + 2*y, 3*y - 12 = 0. What are the prime factors of j(s)?
5, 7
Suppose 42 = -6*p + 12. Let t(y) = y**2 - y. What are the prime factors of t(p)?
2, 3, 5
Let s be 1 - 1 - (0 - -121). Let i = 183 + s. Let k = i - 17. What are the prime factors of k?
3, 5
Suppose 23 = -2*y + 3*y + 5*n, y + 2*n = 32. Let j = -29 + y. List the prime factors of 6/j - (-20)/6.
2
Suppose 4*q + 3*r = -0*q + 4009, 5035 = 5*q - r. List the prime factors of q.
2, 503
Suppose 0 = -k + 4*x - 6, 0 = 4*k - x - 2*x + 63. Let f be 21/(-6)*(-4)/7. List the prime factors of ((-2)/6)/(f/k).
3
Le